 the highest common divisor of 1162 and v.
14
Suppose 3*f - 6024 = -3*k + 2*f, -3*f = -k + 2008. Calculate the greatest common divisor of k and 8.
8
Let v(y) = -y**3 - 26*y**2 - 84*y - 655. Let i be v(-29). What is the highest common divisor of 48 and i?
16
Let m(c) be the second derivative of -13*c**3/6 - 66*c**2 - c - 46. Let w be m(-11). What is the greatest common factor of 121 and w?
11
Suppose 0 = f - 3*d + 39 + 137, -2*f = d + 352. Let b = f + 202. What is the highest common factor of 65 and b?
13
Suppose -4*h + 4*c + 1524 = 0, 3*h + c - 1650 = -487. Let t = -373 + h. Calculate the highest common factor of t and 871.
13
Let u(j) = 3*j**3 - j**2 - 2*j - 1. Let g be u(2). Suppose 5*k = 2*p + 2783, 2*k - 1090 = 14*p - 19*p. What is the highest common divisor of g and k?
15
Suppose -4*l + 20 = l, 4*o - 80 = -5*l. Suppose -t = -o - 3. What is the highest common divisor of t and 162?
18
Suppose 5*z - 47 = 18. Let l(d) = -13*d. Let o be l(4). Let i be ((-91)/21)/(o/24 - -2). What is the greatest common factor of i and z?
13
Let f = 15265 - -1603. Calculate the highest common factor of 4 and f.
4
Let x be (-16)/(-20) + 5 + -39*(-22)/15. Let j be (7/4 - 0)*12. What is the greatest common factor of x and j?
21
Let g = -324 + 198. Let b = g + 174. Calculate the greatest common factor of b and 60.
12
Let l = -143 + 143. Suppose 3*s + 4*s - 595 = l. What is the highest common factor of s and 10?
5
Let n(z) = -z**3 + 9*z**2 + 5*z - 1. Let m be n(4). Let t be (-27)/(-2)*(-2)/(-3). What is the greatest common factor of t and m?
9
Let r = 20355 + -20290. What is the greatest common factor of r and 2613?
13
Let t be 1150/92*4/(-5). Let k(m) = m**2 + 4*m + 6. Let q be k(t). What is the greatest common divisor of q and 110?
22
Let j be (-1)/((6 - 2)/(-8)). Suppose -q + 0 = 1, -4*q = j*y + 4. Let x be (1 - 3)/(y + (-6)/48). Calculate the greatest common divisor of x and 12.
4
Let o(v) = 39*v + 676. Let z be o(11). What is the highest common factor of 425 and z?
85
Let k = -197 + 202. Let j be (1 - 2)/(k/(-495)). What is the highest common factor of j and 9?
9
Let y = -415 + 528. Suppose 12*j + 29 - y = 0. Let o = -26 + 47. Calculate the greatest common factor of o and j.
7
Let g = -237 - 43. Let j = 296 + g. Calculate the highest common factor of 112 and j.
16
Let g(v) = v**2 + 7*v - 729. Let o be g(-33). What is the highest common factor of o and 688?
43
Let t(z) = 65*z**2 - z. Let c be t(1). Suppose 3*s - 2*o = 48, 5*s - 264*o + 262*o - 80 = 0. Calculate the highest common divisor of s and c.
16
Suppose -2*m - 233 = -h, 54*h - 57*h - 5*m = -611. What is the greatest common factor of h and 140?
7
Let z = -2548 + 2556. Let i(g) = -g**3 + 4*g**2 - 5*g - 2. Let a be i(-5). What is the greatest common factor of z and a?
8
Let w = 202 + -150. Let z be (-1)/(5/w*18/(-45)). What is the greatest common factor of 65 and z?
13
Suppose 2*a - 3358 = -70*a - 766. What is the greatest common divisor of 13212 and a?
36
Let h = -10380 - -14988. What is the highest common divisor of 224 and h?
32
Suppose 0*m = 2*m - 8, -o - m = -40. Suppose -1683 = -5*t - 3*t - 1035. Calculate the highest common factor of o and t.
9
Suppose 4*y = 2*y + 42. Let u be y/(-1)*-2 + -2. Suppose 0 = 111*m - 138*m + 1620. Calculate the highest common factor of m and u.
20
Let a be ((-147)/(-49) - (0 + 8)) + 126 + -1. Let j = 2 - 2. Suppose j = o + 4*o - 120. What is the highest common divisor of a and o?
24
Let z(c) = c**2 - 13*c - 94. Let m(o) = 3*o + 19. Let f(s) = 11*m(s) + 2*z(s). Let x be f(-6). Calculate the highest common divisor of 6 and x.
3
Suppose -2*c + 70 = 10. Suppose -3*o - 42 = c. Let a be -1 - (6/(-2))/(o/(-16)). What is the greatest common divisor of 7 and a?
1
Let v be (-30)/7 + 2/7. Let k(l) = -l + 2. Let d be k(v). Let m = 189 - 141. What is the highest common divisor of m and d?
6
Let r = 18 + -4. Let a(t) = -t**3 - 5*t**2 - 6*t - 6. Let w be a(-5). Let c be (91/52)/(3/(0 + w)). What is the highest common divisor of c and r?
14
Let a be -3 + -8 + (320/(-80) - 75*-1). What is the greatest common factor of 345 and a?
15
Let r = -3127 + 6067. What is the highest common divisor of 36 and r?
12
Let m = -2323 + 2359. Let d be 1 - (-1 + 3 - 6). Let h = 49 + d. What is the greatest common divisor of m and h?
18
Let f(o) = o**2 + o + 3. Let m be f(-3). Let b be 116/(-928) - (-3026)/16. What is the greatest common divisor of b and m?
9
Let o = 30 - 28. Let c(r) = -2*r**o + 0*r**2 - 599 - 37*r + 585. Let g be c(-18). Calculate the highest common divisor of g and 44.
4
Let x be (0 - 1)/1*(-34 + 39). Let n be 3*(39/6 + x)*22. Suppose 0 = -7*w + 4*w + 27. What is the highest common factor of n and w?
9
Let c(q) = 35*q**2 + 154*q - 2167. Let u be c(11). What is the greatest common factor of 3366 and u?
198
Let h(x) = 115*x + 4534. Let k be h(-39). What is the highest common divisor of k and 1183?
7
Suppose 16 = -4*z, p = 4*z + 428 + 108. What is the highest common divisor of 5980 and p?
260
Suppose 1018 = 10*k - 432. Let c = 165 - k. Calculate the greatest common divisor of 160 and c.
20
Let t be 404/707 - ((-3846)/7)/1. Calculate the highest common divisor of t and 150.
50
Let p(l) = -59. Let o(h) = -h - 297. Let z(t) = 2*o(t) - 11*p(t). Let k be z(10). Calculate the greatest common divisor of k and 595.
35
Let a = 280 + -224. What is the greatest common factor of a and 868?
28
Let q(c) = 20*c + 2130. Let b be q(-99). What is the greatest common divisor of 9150 and b?
150
Suppose -d - 117 = -3*d - 5*t, 4*d + 5*t - 209 = 0. Let r = 830 + -462. Calculate the highest common divisor of r and d.
46
Let c = -7527 + 7532. What is the greatest common divisor of c and 1445?
5
Let o be 54*(-2)/9*-21. Let u = 591 - 588. Suppose w - u*x - 2*x = 252, -w = 2*x - o. Calculate the greatest common divisor of w and 28.
28
Let o = -183 + 773. Calculate the highest common divisor of 2242 and o.
118
Suppose -240*a - 341*a + 37*a - 405*a + 492531 = 0. Let y = -4 + 7. What is the highest common factor of y and a?
3
Suppose 528*v - 525*v - 456 = 0. Calculate the greatest common factor of 88 and v.
8
Let f = -4058 - -5015. What is the highest common factor of 783 and f?
87
Let a(w) = 60*w - 1. Let t be a(1). Let x be 5 + -1 - (-1 + -4 + -522). What is the greatest common factor of x and t?
59
Let o(t) = 59*t - 267. Let i be o(5). Calculate the greatest common divisor of i and 13146.
14
Suppose 382*f - 14616 = 358*f. Calculate the greatest common divisor of 1428 and f.
21
Suppose 1289*z + 2*q = 1285*z + 1094, 4*z - 4*q - 1112 = 0. What is the greatest common divisor of 425 and z?
25
Suppose 8 = -2*g, 6*g - 122 = 2*c + 2*g. Let p = c - -73. Suppose p*v + 8 - 43 = 5*d, 5*v - 45 = 5*d. What is the greatest common factor of v and 35?
5
Let x(w) = -2*w**3 - 13*w**2 - 29*w - 180. Let c be x(-7). Calculate the greatest common divisor of c and 117.
9
Let r = 55 + 55. Suppose -400 = -16*l + 1244 - 236. Calculate the greatest common factor of l and r.
22
Let o(n) = -5*n + 5. Let r be o(-5). Let l = 46247 - 46242. Calculate the greatest common divisor of l and r.
5
Suppose 0 = -3*z - 2*z + 335. Let k be -1*(3 + -4)*z. Suppose -24 = -7*y + k. What is the greatest common divisor of 39 and y?
13
Suppose 36*z + 3590 = 16*z - 15*z + 3765. Suppose 3*x - 2*x + 1 = 0. Let m be x - (-14 - (0 + 2)). Calculate the greatest common factor of m and z.
5
Let t = 2592 - 2589. Calculate the highest common factor of t and 288.
3
Let h(s) = 5*s - 32. Let g be h(14). Let x be (41 - g)*((-32)/(-6) - -1). Calculate the greatest common factor of 437 and x.
19
Suppose b - 400 - 208 = 0. Suppose -20*x - 322 = -53*x + 734. What is the highest common divisor of b and x?
32
Let s(u) = -102*u - 183. Let y be s(-2). Let l = 29 - 24. Suppose -l*z = -76 - 99. What is the highest common factor of y and z?
7
Let q(l) = 875*l**2 + 126*l + 5. Let f be q(-5). Calculate the greatest common divisor of f and 170.
170
Let i(a) = 3*a**2 + 20*a + 25. Let q(d) = -d**2. Let t(b) = i(b) + 4*q(b). Let o = -725 - -744. Let r be t(o). Calculate the greatest common divisor of 4 and r.
4
Let k be (-1 - -3)/(1/4). Let n = -20 - -13. Let z = k + n. Calculate the greatest common factor of 6 and z.
1
Suppose -3*o - 3 - 3 = 0, -2 = -2*p - 2*o. Let z(v) = -22*v + 4. Let k be z